{"id":15,"date":"2022-02-23T12:25:17","date_gmt":"2022-02-23T12:25:17","guid":{"rendered":"http:\/\/wp.weidaland.com\/?page_id=15"},"modified":"2022-04-06T14:59:11","modified_gmt":"2022-04-06T14:59:11","slug":"produkte","status":"publish","type":"page","link":"https:\/\/weidaland.com\/?page_id=15","title":{"rendered":"Produkte"},"content":{"rendered":"\n<div class=\"wp-block-image\"><figure class=\"aligncenter size-full\"><img loading=\"lazy\" decoding=\"async\" width=\"600\" height=\"200\" src=\"https:\/\/weidaland.com\/wp-content\/uploads\/2022\/04\/Banner.gif\" alt=\"\" class=\"wp-image-1323\"\/><\/figure><\/div>\n\n\n\n<p style=\"font-size:18px\">Das Unternehmen kommerzialisiert haupts\u00e4chlich folgende Produkte :<br><br><strong><span style=\"text-decoration: underline;\">Kartoffeln :<\/span><\/strong><\/p>\n\n\n\n<figure class=\"wp-block-table is-style-stripes\" style=\"font-size:18px\"><table><tbody><tr><td><strong>Sorte<\/strong><\/td><td><strong>Schalentyp<\/strong><\/td><td><strong>Kochtyp<\/strong><\/td><\/tr><tr><td>Talent<\/td><td>hell<\/td><td>mehligkochend<\/td><\/tr><tr><td>Melody<\/td><td>hell<\/td><td>mehligkochend<\/td><\/tr><tr><td>Lilly<\/td><td>hell<\/td><td>mehligkochend<\/td><\/tr><tr><td>Agria<\/td><td>hell<\/td><td>vorw.festkochend<\/td><\/tr><tr><td>Marabel<\/td><td>hell<\/td><td>vorw.festkochend<\/td><\/tr><tr><td>Gala<\/td><td>mittelhell<\/td><td>vorw.festkochend<\/td><\/tr><tr><td>Queen-Anne<\/td><td>hell<\/td><td>vorw.festkochend<\/td><\/tr><tr><td>Wega<\/td><td>hell<\/td><td>vorw.festkochend<\/td><\/tr><tr><td>Wendy<\/td><td>hell<\/td><td>vorw.festkochend<\/td><\/tr><tr><td>Sunshine<\/td><td>hell<\/td><td>vorw.festkochend<\/td><\/tr><tr><td>Regina<\/td><td>hell<\/td><td>festkochend<\/td><\/tr><tr><td>Antonia<\/td><td>hell<\/td><td>festkochend<\/td><\/tr><tr><td>Salome<\/td><td>hell<\/td><td>festkochend<\/td><\/tr><tr><td>Princess<\/td><td>hell<\/td><td>festkochend<\/td><\/tr><tr><td>Belana<\/td><td>hell<\/td><td>festkochend<\/td><\/tr><tr><td>Ballerina<\/td><td>hell<\/td><td>festkochend<\/td><\/tr><\/tbody><\/table><\/figure>\n\n\n\n<p style=\"font-size:18px\">Das Unternehmen kommerzialisiert auch andere Sorten sowie Biokartoffeln, Pflanzkartoffeln und Verarbeitungskartoffeln&nbsp;je nach Kundenwunsch und handelt au\u00dferdem mit Kartoffelkisten verschiedener Arten und Gr\u00f6\u00dfen ebenfalls je nach Kundenwunsch.<br>Herkunftsl\u00e4nder der gehandelten Kartoffeln sind Deutschland, Italien, Marokko, \u00c4gypten und Spanien.&nbsp;<br>F\u00fcr weitere Informationen und Anfragen wenden Sie sich bitte an uns.&nbsp;<\/p>\n\n\n\n<p style=\"font-size:18px\"><strong><span style=\"text-decoration: underline;\">Zwiebeln :<\/span><\/strong><\/p>\n\n\n\n<p style=\"font-size:18px\">Die Herkunftsl\u00e4nder der Zwiebeln sind Deutschland, Holland und Neuseeland.<\/p>\n","protected":false},"excerpt":{"rendered":"<p>Das Unternehmen kommerzialisiert haupts\u00e4chlich folgende Produkte : Kartoffeln : Sorte Schalentyp Kochtyp Talent hell mehligkochend Melody hell mehligkochend Lilly hell mehligkochend Agria hell vorw.festkochend Marabel hell vorw.festkochend Gala mittelhell vorw.festkochend Queen-Anne hell vorw.festkochend Wega hell vorw.festkochend Wendy hell vorw.festkochend Sunshine hell vorw.festkochend Regina hell festkochend Antonia hell festkochend Salome hell festkochend Princess hell festkochend Belana [&hellip;]<\/p>\n","protected":false},"author":1,"featured_media":0,"parent":0,"menu_order":0,"comment_status":"closed","ping_status":"closed","template":"","meta":{"footnotes":""},"class_list":["post-15","page","type-page","status-publish","hentry","post"],"_links":{"self":[{"href":"https:\/\/weidaland.com\/index.php?rest_route=\/wp\/v2\/pages\/15","targetHints":{"allow":["GET"]}}],"collection":[{"href":"https:\/\/weidaland.com\/index.php?rest_route=\/wp\/v2\/pages"}],"about":[{"href":"https:\/\/weidaland.com\/index.php?rest_route=\/wp\/v2\/types\/page"}],"author":[{"embeddable":true,"href":"https:\/\/weidaland.com\/index.php?rest_route=\/wp\/v2\/users\/1"}],"replies":[{"embeddable":true,"href":"https:\/\/weidaland.com\/index.php?rest_route=%2Fwp%2Fv2%2Fcomments&post=15"}],"version-history":[{"count":26,"href":"https:\/\/weidaland.com\/index.php?rest_route=\/wp\/v2\/pages\/15\/revisions"}],"predecessor-version":[{"id":1325,"href":"https:\/\/weidaland.com\/index.php?rest_route=\/wp\/v2\/pages\/15\/revisions\/1325"}],"wp:attachment":[{"href":"https:\/\/weidaland.com\/index.php?rest_route=%2Fwp%2Fv2%2Fmedia&parent=15"}],"curies":[{"name":"wp","href":"https:\/\/api.w.org\/{rel}","templated":true}]}}